1 (base 5) in base 3?
-222
-6 (base 14) to base 4
-12
-1 (base 5) to base 14
-1
What is 273 (base 12) in base 4?
11313
What is -13 (base 15) in base 9?
-20
-25 (base 16) to base 15
-27
201 (base 4) to base 10
33
What is 75 (base 11) in base 4?
1102
What is -1100 (base 2) in base 3?
-110
What is -138 (base 9) in base 13?
-8c
What is -2 (base 13) in base 2?
-10
What is 8 (base 10) in base 3?
22
Convert 1210 (base 4) to base 8.
144
What is -13 (base 7) in base 10?
-10
What is 1010111 (base 2) in base 5?
322
What is 11 (base 3) in base 2?
100
What is a (base 11) in base 3?
101
Convert 2 (base 10) to base 15.
2
What is 66 (base 7) in base 3?
1210
What is -3 (base 6) in base 16?
-3
Convert -94 (base 13) to base 5.
-441
Convert -26 (base 12) to base 13.
-24
110 (base 8) to base 9
80
Convert -12 (base 4) to base 5.
-11
Convert -1 (base 10) to base 16.
-1
-4 (base 15) to base 10
-4
What is 4 (base 14) in base 5?
4
-1 (base 15) to base 16
-1
Convert 3 (base 6) to base 8.
3
Convert -11 (base 3) to base 9.
-4
-77 (base 16) to base 5
-434
What is -1 (base 12) in base 10?
-1
What is -33 (base 5) in base 15?
-13
What is -56 (base 7) in base 11?
-38
-101110 (base 2) to base 13
-37
-20 (base 12) to base 13
-1b
What is a4 (base 14) in base 4?
2100
113 (base 4) to base 7
32
Convert 10 (base 2) to base 3.
2
What is -24 (base 9) in base 15?
-17
Convert 0 (base 5) to base 9.
0
74 (base 12) to base 3
10021
Convert 4 (base 5) to base 2.
100
Convert 8 (base 15) to base 10.
8
What is -3 (base 6) in base 15?
-3
Convert cb (base 16) to base 2.
11001011
-26 (base 9) to base 4
-120
-1 (base 2) to base 15
-1
204 (base 11) to base 14
138
Convert 2 (base 13) to base 12.
2
23 (base 8) to base 3
201
Convert 101 (base 2) to base 3.
12
-193 (base 11) to base 2
-11011111
72 (base 14) to base 16
64
0 (base 16) to base 8
0
Convert 101 (base 2) to base 14.
5
Convert 5 (base 8) to base 11.
5
-85 (base 15) to base 5
-1000
8 (base 11) to base 2
1000
Convert 61 (base 7) to base 10.
43
What is -1 (base 16) in base 3?
-1
What is 11 (base 5) in base 12?
6
What is -111 (base 4) in base 12?
-19
What is -6 (base 15) in base 16?
-6
14 (base 14) to base 15
13
Convert 10 (base 5) to base 13.
5
What is 313 (base 4) in base 6?
131
Convert -5 (base 9) to base 12.
-5
Convert 1 (base 13) to base 15.
1
-55 (base 12) to base 7
-122
46 (base 8) to base 3
1102
What is -50 (base 10) in base 5?
-200
What is 42 (base 12) in base 8?
62
Convert -111 (base 2) to base 11.
-7
Convert 26 (base 9) to base 10.
24
Convert -3 (base 5) to base 14.
-3
-100101 (base 2) to base 12
-31
Convert -4 (base 15) to base 10.
-4
Convert 0 (base 12) to base 4.
0
What is 15 (base 10) in base 12?
13
-62 (base 10) to base 11
-57
What is 4 (base 7) in base 10?
4
Convert -420 (base 5) to base 15.
-75
Convert -66 (base 9) to base 13.
-48
Convert -213 (base 7) to base 12.
-90
4 (base 6) to base 8
4
What is -13 (base 9) in base 2?
-1100
Convert -2 (base 3) to base 12.
-2
Convert 1142 (base 6) to base 5.
2103
Convert -1110000 (base 2) to base 3.
-11011
17 (base 13) to base 7
26
What is -3 (base 8) in base 15?
-3
Convert 1400 (base 5) to base 15.
100
-24 (base 11) to base 15
-1b
Convert 3 (base 14) to base 5.
3
What is -2 (base 7) in base 5?
-2
-12 (base 8) to base 2
-1010
-11101 (base 2) to base 9
-32
-3 (base 8) to base 5
-3
What is -3 (base 4) in base 11?
-3
Convert -211 (base 4) to base 11.
-34
What is 500 (base 8) in base 9?
385
What is 434 (base 5) in base 12?
9b
11 (base 3) to base 12
4
Convert 1 (base 13) to base 3.
1
What is -3 (base 15) in base 16?
-3
Convert -43 (base 15) to base 3.
-2100
2 (base 9) to base 6
2
1 (base 16) to base 15
1
What is -112 (base 4) in base 7?
-31
What is 29 (base 10) in base 3?
1002
What is 100111 (base 3) in base 13?
169
What is -64 (base 7) in base 8?
-56
Convert -23 (base 11) to base 13.
-1c
Convert 3 (base 16) to base 10.
3
What is 52 (base 15) in base 11?
70
What is 153 (base 16) in base 6?
1323
What is -41 (base 12) in base 7?
-100
What is 11 (base 2) in base 9?
3
What is 2 (base 14) in base 2?
10
What is -a (base 13) in base 2?
-1010
1234 (base 5) to base 14
dc
What is 0 (base 12) in base 10?
0
What is 20 (base 6) in base 4?
30
24 (base 6) to base 15
11
Convert 66 (base 7) to base 15.
33
Convert -104 (base 5) to base 7.
-41
Convert 1 (base 4) to base 16.
1
What is 11110 (base 2) in base 14?
22
Convert 110 (base 7) to base 4.
320
What is 1 (base 3) in base 10?
1
What is -11 (base 11) in base 9?
-13
-6 (base 11) to base 5
-11
What is 0 (base 15) in base 6?
0
What is 20 (base 8) in base 3?
121
Convert 2 (base 4) to base 10.
2
-2 (base 16) to base 12
-2
Convert 8 (base 11) to base 2.
1000
Convert 3 (base 15) to base 3.
10
-10 (base 15) to base 9
-16
What is 147 (base 14) in base 9?
317
-c3 (base 16) to base 3
-21020
Convert -11000 (base 2) to base 10.
-24
Convert -155 (base 7) to base 11.
-81
Convert -1 (base 16) to base 14.
-1
100000 (base 2) to base 15
22
What is 100 (base 16) in base 14?
144
What is 8 (base 13) in base 8?
10
Convert -3 (base 16) to base 3.
-10
What is -17 (base 15) in base 13?
-19
Convert 0 (base 12) to base 2.
0
What is -16 (base 11) in base 15?
-12
Convert 0 (base 2) to base 4.
0
Convert -41 (base 6) to base 15.
-1a
Convert 1100 (base 2) to base 9.
13
What is 30 (base 5) in base 9?
16
1111 (base 2) to base 15
10
Convert 1 (base 12) to base 9.
1
-2202 (base 3) to base 10
-74
Convert -100101 (base 2) to base 16.
-25
What is 3 (base 9) in base 2?
11
Convert -22 (base 3) to base 4.
-20
What is -10001111 (base 2) in base 5?
-1033
202 (base 3) to base 11
19
Convert -2313 (base 4) to base 11.
-157
83 (base 15) to base 11
102
Convert -1 (base 7) to base 9.
-1
-2 (base 8) to base 4
-2
Convert -7 (base 10) to base 16.
-7
Convert -13 (base 9) to base 7.
-15
-3 (base 15) to base 5
-3
-10010 (base 2) to base 6
-30
4 (base 14) to base 5
4
What is -24 (base 11) in base 2?
-11010
What is -a (base 16) in base 7?
-13
Convert -4 (base 10) to base 11.
-4
Convert -21 (base 15) to base 4.
-133
What is 5 (base 14) in base 8?
5
Convert -135 (base 8) to base 6.
-233
Convert 1 (base 12) to base 2.
1
Convert -4 (base 13) to base 3.
-11
Convert -39 (base 16) to base 2.
-111001
Convert 22 (base 11) to base 9.
26
Convert 35 (base 6) to base 15.
18
-62 (base 15) to base 7
-161
0 (base 3) to base 12
0
What is 10 (base 3) in base 16?
3
What is 44 (base 6) in base 8?
34
What is 1001 (base 3) in base 8?
34
-71 (base 15) to base 10
-106
What is 6 (base 8) in base 13?
6
Convert 1001 (base 4) to base 14.
49
53 (base 9) to base 15
33
86 (base 10) to base 13
68
What is 7 (base 12) in base 5?
12
Convert -211 (base 5) to base 14.
-40
What is 73 (base 14) in base 11?
92
8 (base 15) to base 16
8
What is -41 (base 14) in base 6?
-133
What is -13 (base 16) in base 13?
-16
Convert 201 (base 9) to base 3.
20001
-90 (base 10) to base 12
-76
3 (base 15) to base 2
11
What is -4 (base 6) in base 15?
-4
25 (base 7) to base 11
18
What is 1 (base 12) in base 6?
1
Convert 70 (base 10) to base 2.
1000110
What is -267 (base 8) in base 7?
-351
2 (base 9) to base 2
10
What is 6 (base 7) in base 5?
11
Convert -3 (base 16) to base 6.
-3
Convert 112 (base 8) to base 4.
1022
Convert -6 (base 16) to base 8.
-6
What is 10111011 (base 2) in base 14?
d5
What is e6 (base 16) in base 6?
1022
-13 (base 6) to base 15
-9
What is 111 (base 6) in base 8?
53
Convert -9 (base 15) to base 10.
-9
Convert 4 (base 14) to base 13.
4
Convert -42 (base 7) to base 10.
-30
What is 110110 (base 2) in base 12?
46
What is 103 (base 5) in base 8?
34
Convert 11 (base 3) to base 5.
4
What is 16 (base 8) in base 14?
10
What is -267 (base 10) in base 12?
-1a3
What is 1112 (base 3) in base 5?
131
What is 5 (base 7) in base 15?
5
Convert 3 (base 14) to base 9.
3
Convert -1111 (base 2) to base 13.
-12
What is 23 (base 8) in base 5?
34
Convert -3 (base 16) to base 9.
-3
11 (base 13) to base 9
15
What is -6 (base 11) in base 4?
-12
What is -2 (base 7) in base 3?
-2
What is -2d (base 16) in base 9?
-50
Convert 3 (base 11) to base 10.
3
Convert -5 (base 11) to base 16.
-5
What is -233 (base 5) in base 12?
-58
What is -155 (base 8) in base 11?
-9a
What is -52 (base 9) in base 16?
-2f
What is 1 (base 13) in base 6?
1
30 (base 9) to base 5
102
38 (base 13) to base 3
1202
What i